{"id":701,"date":"2025-07-28T18:46:23","date_gmt":"2025-07-28T18:46:23","guid":{"rendered":"https:\/\/billardfreunde.de\/wordpress\/?page_id=701"},"modified":"2025-07-29T18:30:50","modified_gmt":"2025-07-29T18:30:50","slug":"clubordnung","status":"publish","type":"page","link":"https:\/\/billardfreunde.de\/wordpress\/verein\/clubordnung\/","title":{"rendered":"Clubordnung"},"content":{"rendered":"\n<h2 class=\"wp-block-heading\">Beim Spielbetrieb ist zu beachten, dass<\/h2>\n\n\n\n<ul class=\"wp-block-list\">\n<li>Zu Beginn die Caramboltische abgesaugt und die Snookertische abgeb\u00fcrstet und abgezogen, sowie die B\u00e4lle gereinigt werden.<\/li>\n\n\n\n<li>Am Tisch nicht mit Getr\u00e4nken hantiert wird.<\/li>\n\n\n\n<li>Das Spielmaterial schonend zu behandeln ist.<\/li>\n\n\n\n<li>G\u00e4ste nach dem dritten Schnuppern 10 Euro Tischgeb\u00fchr bezahlen.<\/li>\n\n\n\n<li>Nebenger\u00e4usche von z.B. Handy, Musik oder TF auf die Bed\u00fcrfnisse der anwesenden Mitglieder anzupassen sind.<\/li>\n\n\n\n<li>Ab 22 Uhr die Ger\u00e4usche auf Zimmerlautst\u00e4rke zu d\u00e4mpfen sind.<\/li>\n<\/ul>\n\n\n\n<h2 class=\"wp-block-heading\">Beim Verlassen des Clubs ist sicherzustellen, dass<\/h2>\n\n\n\n<ul class=\"wp-block-list\">\n<li>Die Billardtische abgedeckt sind.<\/li>\n\n\n\n<li>Alle Gegenst\u00e4nder auf der Theke sowie den Tischen und Fensterb\u00e4nken wegger\u00e4umt sind (Flaschen, Gl\u00e4ser, Papiere, Billardkugeln, Kreide, Pflegezubeh\u00f6r&#8230;).<\/li>\n\n\n\n<li>Alle elektrischen Ger\u00e4te ausgeschaltet sind (Kaffeemaschinen, Kochplatte, Wasserboiler, Ventilator, PC, Stereoanlage, Fernseher, Ballreinigungsmaschinen, Licht&#8230;).<\/li>\n\n\n\n<li>Die Heizk\u00f6rper auf * gestellt sind.<\/li>\n\n\n\n<li>Alle Fenster geschlossen sind.<\/li>\n\n\n\n<li>Geschirr und Aschenbecher abgesp\u00fclt und ordnungsgem\u00e4\u00df einger\u00e4umt sind. Die Sp\u00fcle muss frei bleiben!<\/li>\n\n\n\n<li>Die Eingangst\u00fcre verschlossen wird.<\/li>\n<\/ul>\n\n\n\n<h2 class=\"wp-block-heading\">Und \u00fcberhaupt<\/h2>\n\n\n\n<ul class=\"wp-block-list\">\n<li>Jeder und jede m\u00f6ge seinen eigenen Kram wegr\u00e4umen!<\/li>\n\n\n\n<li>Das Mitbringen von Speisen und Getr\u00e4nken ist verboten! (Hiervon sind nur Jugendliche ausgenommen)<\/li>\n\n\n\n<li>Das Rauchen in den Clubr\u00e4umen ist verboten!<\/li>\n\n\n\n<li>Die Fensterstopper m\u00fcssen immer festen Halt auf den inneren Fensterbrettern haben und d\u00fcrfen nicht in die Rahmen geklemmt werden.<\/li>\n\n\n\n<li>Durchzug ist zu vermeiden!<\/li>\n\n\n\n<li>Der oder die Letzte ist verantwortlich f\u00fcr den ordnungsgem\u00e4\u00dfen Zustand beim Verlassen des Clubs!<\/li>\n\n\n\n<li>Die nicht-t\u00e4gliche Reinigung regelt der Putzplan.<\/li>\n\n\n\n<li>Alle Snacks und Getr\u00e4nke sind <strong>vor der Entnahme<\/strong> auf der Bewirtschaftungsliste einzutragen! Das Geld hierf\u00fcr wird abgebucht.<\/li>\n\n\n\n<li>Alle Sch\u00e4den sind dem Vorstand unverz\u00fcglich zu melden!<\/li>\n\n\n\n<li>Die K\u00fchlschr\u00e4nke bef\u00fcllen sich nicht von selbst!<\/li>\n<\/ul>\n\n\n\n<div class=\"wp-block-file aligncenter\"><a id=\"wp-block-file--media-99cb60a9-896d-442b-898f-5fb8a98d339b\" href=\"https:\/\/billardfreunde.de\/wordpress\/wp-content\/uploads\/2025\/07\/Clubordnung_Billardfreunde__86_Marburg_e.V.pdf\">Clubordnung_Billardfreunde__86_Marburg_e.V<\/a><a href=\"https:\/\/billardfreunde.de\/wordpress\/wp-content\/uploads\/2025\/07\/Clubordnung_Billardfreunde__86_Marburg_e.V.pdf\" class=\"wp-block-file__button wp-element-button\" download aria-describedby=\"wp-block-file--media-99cb60a9-896d-442b-898f-5fb8a98d339b\">Herunterladen<\/a><\/div>\n\n\n\n<p><\/p>\n","protected":false},"excerpt":{"rendered":"<p>Beim Spielbetrieb ist zu beachten, dass Beim Verlassen des Clubs ist sicherzustellen, dass Und \u00fcberhaupt<\/p>\n","protected":false},"author":1,"featured_media":0,"parent":10,"menu_order":1,"comment_status":"closed","ping_status":"closed","template":"","meta":{"footnotes":""},"class_list":["post-701","page","type-page","status-publish"],"_links":{"self":[{"href":"https:\/\/billardfreunde.de\/wordpress\/wp-json\/wp\/v2\/pages\/701","targetHints":{"allow":["GET"]}}],"collection":[{"href":"https:\/\/billardfreunde.de\/wordpress\/wp-json\/wp\/v2\/pages"}],"about":[{"href":"https:\/\/billardfreunde.de\/wordpress\/wp-json\/wp\/v2\/types\/page"}],"author":[{"embeddable":true,"href":"https:\/\/billardfreunde.de\/wordpress\/wp-json\/wp\/v2\/users\/1"}],"replies":[{"embeddable":true,"href":"https:\/\/billardfreunde.de\/wordpress\/wp-json\/wp\/v2\/comments?post=701"}],"version-history":[{"count":2,"href":"https:\/\/billardfreunde.de\/wordpress\/wp-json\/wp\/v2\/pages\/701\/revisions"}],"predecessor-version":[{"id":716,"href":"https:\/\/billardfreunde.de\/wordpress\/wp-json\/wp\/v2\/pages\/701\/revisions\/716"}],"up":[{"embeddable":true,"href":"https:\/\/billardfreunde.de\/wordpress\/wp-json\/wp\/v2\/pages\/10"}],"wp:attachment":[{"href":"https:\/\/billardfreunde.de\/wordpress\/wp-json\/wp\/v2\/media?parent=701"}],"curies":[{"name":"wp","href":"https:\/\/api.w.org\/{rel}","templated":true}]}}